{"id":15,"date":"2024-10-24T10:18:19","date_gmt":"2024-10-24T08:18:19","guid":{"rendered":"https:\/\/foruconsult.wp.factory.blim-dev.com\/consulting\/?page_id=15"},"modified":"2026-03-05T15:21:51","modified_gmt":"2026-03-05T14:21:51","slug":"karriere","status":"publish","type":"page","link":"https:\/\/4uconsult.de\/consulting\/karriere\/","title":{"rendered":"Karriere"},"content":{"rendered":"<div id=\"foruconsult_subpageheader_block_e94de2a7fea2eb5d85127820518a2707\"class=\"block_foruconsult block_foruconsult-subpageheader \">\n    <div class=\"container\">\n        <div class=\"row\">\n            <div class=\"col-12\">\n                <div class=\"bg-img\" style=\"background-image:url('https:\/\/4uconsult.de\/consulting\/wp-content\/uploads\/sites\/3\/2024\/10\/shutterstock_2353012835-scaled.jpg')\"><\/div>\n            <\/div>\n                    <\/div>\n    <\/div>\n<\/div>\n\n <div id=\"foruconsult_block_headline-text_block_041ee52327fa39e1805aa1e32f197417\" class=\"block_foruconsult block_foruconsult-block_headline-text  \">\n    <div class=\"container\">\n<div class=\"row\">                                    <div class=\"col-12 col-md-4\">\n                            <h2 class=\"mb-0\">Werde Teil unseres Teams!<\/h2>\n                        <\/div>\n                        <div class=\"col-12 col-md-8\">\n                            <style>.block_foruconsult-block_headline-text .col-12 p{\n                                margin-bottom: 0;\n                            }<\/style>\n                            <p>Suchst Du eine neue Herausforderung im SAP-Umfeld und m\u00f6chtest uns unterst\u00fctzen auf das n\u00e4chste Level zu kommen?<\/p>\n<p>Wir suchen einen erfahrenen Teamplayer mit mehreren Jahren Erfahrung im SAP-Umfeld in dem Du Dich zu einem Experten mit tiefgehender fachlicher Kompetenz weiterentwickelt hast.<\/p>\n<p>&nbsp;<\/p>\n<p><strong>Deine Reise zu neuen H\u00f6hen<\/strong><\/p>\n<ul class=\"mt-2 mb-4\">\n<li class=\"mb-2\">Ein attraktives Verg\u00fctungsmodell, das deine Leistung honoriert<\/li>\n<li class=\"mb-2\">Eine dynamische und offene Arbeitsatmosph\u00e4re, die dir die Chance auf pers\u00f6nliche Weiterentwicklung bietet<\/li>\n<li class=\"mb-2\">Individuelle, zertifizierte Fortbildungen, um deine F\u00e4higkeiten kontinuierlich auszubauen<\/li>\n<li class=\"mb-2\">Eine ideale Work-Life-Balance durch flexible Arbeitszeiten, 30 Tage Urlaub und die M\u00f6glichkeit von Homeoffice<\/li>\n<li class=\"mb-2\">Ein gro\u00dfartiges, freundschaftliches Team mit regelm\u00e4\u00dfigen Events, das den Zusammenhalt st\u00e4rkt<\/li>\n<\/ul>\n<p>Du bist kommunikationsstark, emphatisch und zielorientiert? Deine prozessorientierte und sorgf\u00e4ltige Arbeitsweise liefert auch unter Druck hervorragende Ergebnisse. Mit Deiner Analysef\u00e4higkeit, schnellen Auffassungsgabe und Kreativit\u00e4t bist Du ein wertvolles Teammitglied.<br \/>\n<b><\/b><\/p>\n<p>&nbsp;<\/p>\n<p><b>Gehe mit uns ins n\u00e4chste Level!<\/b><\/p>\n<p>&nbsp;<\/p>\n<p>Wenn Du bereit bist, in einem inspirierenden Umfeld im SAP-Bereich zu arbeiten und innovative L\u00f6sungen zu entwickeln,<\/p>\n<p>freuen wir uns auf Deine Bewerbung!<\/p>\n                        <\/div>\n                                <\/div>\n    <\/div>\n<\/div>\n\n<div id=\"foruconsult_block_video_block_a59a7c8dfb78c19d72a31edb4d21ce1f\" class=\"block_foruconsult block_foruconsult-block_video  \">\n    <div class=\"container mt-5\">\n        <div class=\"row\">\n            <div class=\"col-12\">\n                <video class=\"w-100\" controls>\n                  <source src=\"\/consulting\/wp-content\/uploads\/sites\/3\/2024\/11\/Film_Karriere_4U_komprimiert_v2.mp4\" type=\"video\/mp4\">\n                <\/video>\n            <\/div>\n        <\/div>\n    <\/div>\n<\/div>\n\n<div id=\"foruconsult_block_bewerben_block_452aaa2ab70477672463e4b42833a0e6\" class=\"block_foruconsult block_foruconsult-block_bewerben  \">\n    <div class=\"container mt-5\">\n        <div class=\"row pt-4\">\n            <div class=\"col-12 col-md-8 mb-4\">\n                <h2 class=\"fw-700\">Jetzt bewerben!<\/h2>\n            <\/div>\n            <div class=\"col-12 col-md-4 mb-4\">\n                <h2 class=\"fw-700\">Kontakt:<\/h2>\n            <\/div>\n            <div class=\"col-12 col-md-8 mb-4\">\n                <form action=\"https:\/\/4uconsult.de\/consulting\/wp-json\/ws-form\/v1\/submit\" class=\"wsf-form wsf-form-canvas\" id=\"ws-form-1\" data-id=\"1\" data-instance-id=\"1\" method=\"POST\"><\/form>            <\/div>\n            <div class=\"col-12 col-md-4 mb-4\">\n                                                    \n                                                <\/div>\n        <\/div>\n    <\/div>\n<\/div>","protected":false},"excerpt":{"rendered":"","protected":false},"author":1,"featured_media":0,"parent":0,"menu_order":0,"comment_status":"closed","ping_status":"closed","template":"","meta":{"_acf_changed":false,"footnotes":""},"class_list":["post-15","page","type-page","status-publish","hentry"],"acf":[],"_links":{"self":[{"href":"https:\/\/4uconsult.de\/consulting\/wp-json\/wp\/v2\/pages\/15","targetHints":{"allow":["GET"]}}],"collection":[{"href":"https:\/\/4uconsult.de\/consulting\/wp-json\/wp\/v2\/pages"}],"about":[{"href":"https:\/\/4uconsult.de\/consulting\/wp-json\/wp\/v2\/types\/page"}],"author":[{"embeddable":true,"href":"https:\/\/4uconsult.de\/consulting\/wp-json\/wp\/v2\/users\/1"}],"replies":[{"embeddable":true,"href":"https:\/\/4uconsult.de\/consulting\/wp-json\/wp\/v2\/comments?post=15"}],"version-history":[{"count":31,"href":"https:\/\/4uconsult.de\/consulting\/wp-json\/wp\/v2\/pages\/15\/revisions"}],"predecessor-version":[{"id":867,"href":"https:\/\/4uconsult.de\/consulting\/wp-json\/wp\/v2\/pages\/15\/revisions\/867"}],"wp:attachment":[{"href":"https:\/\/4uconsult.de\/consulting\/wp-json\/wp\/v2\/media?parent=15"}],"curies":[{"name":"wp","href":"https:\/\/api.w.org\/{rel}","templated":true}]}}